eatest common factor of 1 and g?
1
Let h = 946 + -571. Suppose 4*q - 295 = -3*p, 7*q = 2*q - 5*p + h. Calculate the highest common factor of q and 175.
35
Let z(a) = -a**3 + 64*a**2 - 3*a + 207. Let b be z(64). Calculate the highest common factor of 48 and b.
3
Let a be -6 - 1900/15*1*(4 - 7). Calculate the greatest common factor of a and 22.
22
Suppose 16*r + 209 + 319 = 0. Let g = r - -56. Calculate the greatest common divisor of 1 and g.
1
Suppose 0*d + d = -25. Let q(s) = -2*s - 12. Let l be q(d). Suppose f + 384 = 4*m - 226, -2*m + 4*f + 312 = 0. What is the highest common divisor of m and l?
38
Let t(l) = 5*l**2 + 12*l - 6. Let f be t(-5). Let h = 5 + f. Suppose 0 = -5*g + h - 29. Calculate the highest common factor of 49 and g.
7
Let f(i) = -81*i**2 + 339*i - 37. Let y be f(4). Suppose 2*k = k + 253. What is the greatest common divisor of y and k?
23
Suppose 178*d + 3 = 179*d. Let a be d*(-2043)/(-27) + 7. What is the highest common divisor of a and 546?
78
Let g be (-2 - (-10 - (-3 - -4))) + 1. Let k(q) = -77*q + 2653. Let t be k(34). What is the highest common factor of g and t?
5
Let t be (-64 - -68)/(2/25). What is the greatest common divisor of 140 and t?
10
Suppose 1938 + 768 = 3*r + 8*r. Calculate the highest common divisor of 3075 and r.
123
Let i be ((-348)/(-7))/((27/(-63))/(-3)). Let h = 386 - i. Calculate the greatest common divisor of 2 and h.
2
Let w = 214 + 52. Let s = -140 + w. Calculate the highest common divisor of s and 567.
63
Suppose 0 = -4*c - 4*c + 200. Suppose 0 = 4*z - 4*w + 4, 28 = -5*z + w + 31. Calculate the highest common factor of z and c.
1
Let t(b) = -262*b + 11814. Let o be t(45). What is the highest common factor of 26472 and o?
24
Let t(p) = p**3 - 19*p**2 - p + 43. Let j be t(19). Suppose 55*i = 63*i - j. Suppose 0*a + 4*a - 12 = 0. What is the highest common factor of i and a?
3
Let h = -1581 - -2133. What is the greatest common divisor of 1242 and h?
138
Suppose 0 = t - 2, -t = 4*o - 3*t - 16. Suppose o*l - 164 = 16. Calculate the greatest common factor of 90 and l.
18
Let n = 163 - 261. Let p be (840/n)/((-4)/14). Calculate the highest common divisor of 240 and p.
30
Let j(a) be the second derivative of 11*a**3/6 + 4*a. Let o be j(4). Let u = 3 - -1. Calculate the highest common factor of o and u.
4
Suppose -3*c - 2*c = -150. Suppose 13*g - 3*g - 650 = 0. Suppose -5*v = -2*f + g, 2*v + 0*v = -2. Calculate the greatest common divisor of f and c.
30
Let s be 4*1/4 - (-38)/2. Calculate the greatest common factor of s and 1250.
10
Suppose -6*x - 45 = -11*x. Let p be ((-100)/80)/(2 - x/4). Suppose 0 = p*k - k - 16. What is the greatest common divisor of k and 20?
4
Let k be (-2)/((-215)/71 + 3). Let j = -3773 + 3915. Calculate the highest common factor of k and j.
71
Let l(u) = -31*u - 7*u + 20*u - 35. Let t be l(-2). Calculate the highest common factor of t and 3.
1
Suppose 132*n - 7956 = 93*n. What is the greatest common divisor of 156 and n?
12
Suppose -s + 27*j = 26*j - 908, 2*j + 2726 = 3*s. Calculate the greatest common factor of 98 and s.
14
Let c(v) = v**3 - 10*v**2 + 12*v. Let s be c(10). Let z = 8849 - 8801. Calculate the highest common divisor of s and z.
24
Suppose 5*o = 3*b - 188, -138 = -3*b - 5*o - 20. Calculate the highest common divisor of b and 24.
3
Suppose k - 14 = -2. Suppose -61*j + 54 = -52*j. Calculate the greatest common factor of j and k.
6
Suppose 248 = 5*y + 218. Let t be y/((8/116)/1). Calculate the highest common factor of 29 and t.
29
Let y(d) = 10*d + 14. Let u be y(1). Suppose 88 = 5*o - 2*i, -2*o + o + u = -2*i. Let g = -247 + 423. Calculate the greatest common divisor of o and g.
16
Let k = -75 - 143. Let x = -85 - k. Suppose 2*o = 8, -3*o = 180*d - 182*d + 26. Calculate the highest common divisor of x and d.
19
Let n(z) = 3*z**3 - 31*z**2 + 36*z - 109. Let k be n(13). What is the greatest common divisor of 58 and k?
29
Suppose 6*p + 224 + 268 = 0. Let j = 94 + p. What is the greatest common factor of 18 and j?
6
Let q = -3 - 1. Let g(k) = -24*k - 6. Let c be g(q). Let i be 24 - ((-9)/(-1) + -3). What is the greatest common divisor of c and i?
18
Let p = -53 - -47. Let r(y) = -5*y**2 + 7*y + 11. Let o be r(p). Let c = -59 - o. What is the highest common divisor of c and 19?
19
Let h(w) = 6*w**3 + 0*w**2 - 2*w**2 + 2 - 7*w**3 + 6*w - 4*w**2. Let g be h(-6). Let k = 38 + g. What is the greatest common divisor of k and 4?
4
Suppose 0 = 18*t - 16*t - 2*x - 76, -4*t + 158 = -3*x. What is the highest common divisor of t and 1276?
44
Suppose -4*g + 255 = -g. Suppose 183 + 225 = 24*i. Calculate the highest common factor of i and g.
17
Let b = -487 + 525. Let n be (b/4)/((-10)/(-260)) - -6. What is the highest common divisor of 55 and n?
11
Let g = -427 - -499. Suppose i = 170 - g. Calculate the greatest common divisor of 70 and i.
14
Suppose 0 = 3*l + 2*l - 65. Suppose 0 = -l*o - 0 + 39. Let g be o*39 - (1 - (-2 - -3)). What is the highest common divisor of g and 78?
39
Let a be 2*-2 + 2 + 54. Let t(h) = 2*h**2 + 37*h - 264. Let k be t(-27). What is the greatest common factor of k and a?
13
Let f(m) = -280*m + 4319. Let s be f(13). Calculate the greatest common divisor of 5626 and s.
97
Suppose -29 = 32*h - 8427 - 3282. Calculate the greatest common factor of h and 25.
5
Let h(a) = -52 + 2*a**2 + 13*a - 30 + 16 + 5*a. Let n be h(-15). What is the greatest common factor of 76 and n?
38
Let j be (92 - 1) + (0 - (1 - 1)). Let f be ((-2)/4)/((-17)/238). Suppose f = -4*o + j. What is the highest common divisor of 84 and o?
21
Suppose 0*o + 24 = 4*o. Let a = 332 - 257. What is the greatest common factor of o and a?
3
Let b be 2/5 - (-1926)/10. Suppose 8*g - b = 247. Let m = g - 44. What is the greatest common divisor of 33 and m?
11
Suppose -202*f - 135001 = -273380 - 2161391. What is the highest common factor of 23 and f?
23
Let a(p) = -p**3 + 27*p**2 - p + 30. Let m be a(27). Let c = 155 - m. Calculate the highest common divisor of c and 38.
38
Suppose 128*m - 134*m = -126. Suppose m*b - 4935 = 6*b. Calculate the highest common divisor of b and 47.
47
Suppose -2*i - 34 = -3*m, i = -3*m + 13 + 24. Suppose -t + 1 = 0, 2*t - 151 = -4*f + 91. What is the highest common factor of f and m?
12
Let q = 47 + -23. Suppose 2*y - q = -4*m + 8, -5*m + 25 = 0. Let z(t) = t**3 + 5*t**2 - t - 3. Let b be z(-3). Calculate the greatest common divisor of b and y.
6
Let d(p) = p**3 - 111*p**2 + 74*p - 330. Let j be d(111). What is the greatest common factor of 6 and j?
6
Suppose -k - 5*k + 2*k = 0. Let i be k + ((-318)/(-24) - 9/(-12)). What is the highest common factor of i and 70?
14
Let s = -3003 + 3027. Calculate the greatest common factor of 114 and s.
6
Suppose 37*s - 41*s + 290 = 2*z, -70 = -s + 2*z. What is the highest common divisor of s and 666?
18
Let s(g) = -22*g**3 + g**2 + 2*g + 1. Let y(t) = -t**2 + 6*t - 9. Let p be y(2). Let f be s(p). Calculate the greatest common factor of 748 and f.
22
Suppose 0*x = 4*o + 3*x - 1567, 0 = -5*o - x + 1967. Let a be (o/4)/((-9)/(-18)). Let v = a + -109. Calculate the greatest common factor of 16 and v.
8
Let n(h) = h**2 + 6*h - 68. Let u be n(6). Suppose u*m - 22 = -2*r, -3*r - 5*m + 56 = 18. Calculate the greatest common factor of 175 and r.
7
Let d be 190/10 - (0 + 2 + -1). Let f be (-12)/9 - (-411)/d*4. Let q = 2 - -8. Calculate the highest common factor of f and q.
10
Suppose 4*l - 7*i + 5*i = 6, 2*l = 3*i + 5. Let n(f) = 155*f + 6. Let x be n(l). What is the greatest common factor of x and 69?
23
Suppose -14118 = 18*n + 21*n. Let a = n + 473. What is the greatest common divisor of a and 222?
111
Let m be (20*1 - (-8 + 6)) + 2. Suppose -4*f + 180 = 3*s, -3*f + 160 = -12*s + 8*s. Calculate the greatest common divisor of m and f.
24
Let i be -4 + 3 + (0 - -196). Let s = 61 + -22. Calculate the greatest common factor of s and i.
39
Let x be 120/(230/(-23) - -12). Calculate the greatest common divisor of 10580 and x.
20
Let m = 18 - 12. Suppose 3 = -l, 0 = -3*n - 4*l - 281 - 934. Let d = 407 + n. Calculate the highest common divisor of m and d.
6
Let y(f) = -98*f - 440. Let m be y(-6). Let i be -2 + (-4 - -227) - -1. Calculate the highest common factor of i and m.
74
Let y = -4294 + 4359. What is the greatest common factor of y and 125?
5
Suppos